= -29*q**2 + 233*q + 40. Let s be b(8). Suppose -v + 6*v = -70. Let d be (-226)/(-7) - (-4)/v. What is the greatest common factor of d and s?
16
Let g(z) = 440 - 120 + 48*z + 0*z**2 - 47*z - z**3 + 2*z**2. Let d be g(0). What is the greatest common factor of d and 32?
32
Let j be -6 + 9 - (6 - 163). Calculate the highest common factor of j and 140.
20
Suppose -2*c = c + b - 38, -44 = -2*c + 4*b. What is the highest common factor of 91 and c?
7
Suppose 15 = 2*r - 49. Let k = -25 + r. What is the highest common factor of 7 and k?
7
Let s = -147 - -161. Calculate the greatest common factor of s and 154.
14
Let r = 53 + -1. What is the highest common factor of r and 16?
4
Suppose -795*l + 805*l - 4350 = 0. Calculate the highest common factor of l and 87.
87
Let w be (-2)/(0 - -1)*(6 + -64). Suppose 4*q + 138 = 2*m, m = -q + w - 35. Calculate the greatest common factor of 14 and m.
7
Suppose -b = -57 - 28. Suppose -1453 + 841 = -18*c. What is the greatest common factor of c and b?
17
Let u be (152/11 - 0) + 4/22. Let h be (-2)/((-71)/35 + 2). What is the highest common divisor of h and u?
14
Let w(j) = 2 - 4*j + j**3 + 4*j**2 + 1 - 7. Let f be w(-4). Let g(s) = s**3 - 10*s**2 + 29*s + 16. Let t be g(7). What is the highest common divisor of f and t?
12
Let n(d) = -d**2 + 5. Let o be n(-5). Let j be 1/(-2 + (-41)/o). Let f be (780/273)/((4/(-98))/(-2)). Calculate the highest common factor of j and f.
20
Let a be ((-6)/(-3))/((-4)/(-270)). Suppose 0 = -4*q - q + 145. Let l be (-8)/(-16) + q/2. What is the highest common factor of l and a?
15
Let z = 80 + 22. Calculate the highest common divisor of z and 17.
17
Let s(c) be the second derivative of c**5/20 - 13*c**4/12 + c**3 - 4*c**2 - 18*c. Let j be s(13). Calculate the greatest common factor of 10 and j.
10
Let y(i) = 2*i**3 + 21*i**2 + 3*i + 55. Let n be y(-10). Calculate the greatest common factor of 75 and n.
25
Let j be 94/6 + 161/(-21) + 8. Let n = -157 + 237. What is the greatest common factor of j and n?
16
Let l = 31 + -20. Let c(z) = 21*z - 11. Let a be c(l). What is the greatest common divisor of 20 and a?
20
Suppose -175 = -n + 4*x, -3*x = 2*n - 199 - 173. Suppose 4*i = h - 155, 0 = -h - 4*i + i + n. Calculate the greatest common divisor of 19 and h.
19
Suppose 7*f - 967 + 701 = 0. Let i = 92 + 3. Calculate the highest common factor of f and i.
19
Let x be 6 - (3 + 6)/3. Let z be x/9*60/5. Suppose -66 = -r + 7*f - 2*f, -z*f = 4*r - 168. Calculate the highest common divisor of r and 69.
23
Let h(a) = a**3 + 49*a**2 - 268*a + 115. Let b be h(-54). Let q be (-7)/(2/(2/(-1))). What is the greatest common factor of q and b?
7
Let r(o) = o**2 - 17*o + 22. Let v be 8/(-10) - (-188)/10. Let u be r(v). Calculate the highest common factor of 30 and u.
10
Let u(g) = g + 1. Let m be u(5). Suppose w + m*w = 7. What is the greatest common factor of w and 10?
1
Let a = -77 - -79. Suppose -a*r + 55 + 178 = -v, 4*r = -4*v + 496. Calculate the greatest common factor of 17 and r.
17
Let z = 10 + -4. Suppose -4*l + 0*v + v + 167 = 0, -2*l + 79 = v. Suppose -6*c + 31 + l = 0. What is the highest common factor of z and c?
6
Suppose -1876*n + 1870*n = -132. What is the greatest common factor of 6 and n?
2
Let y be 4/(-6) - (-32488)/186. What is the highest common divisor of 6 and y?
6
Suppose 30*g = 9009 - 1629. What is the highest common factor of 574 and g?
82
Let g be ((-3)/(-4))/(3/216). Suppose -w + 19 + 8 = 0. Calculate the greatest common factor of w and g.
27
Let g be (-96)/(-7) + (-6)/(-21). Let u be (-236)/(-7) - (-4)/g. Suppose -5*t = 2*s - 29, s + 4*t = -s + u. What is the highest common divisor of s and 18?
9
Suppose -11*p + 785 = -887. Calculate the highest common divisor of 8 and p.
8
Suppose 1454 + 3866 = 95*z. Calculate the greatest common factor of z and 5.
1
Let r(q) = q + 2 + 8 + q**2 + 0*q**2. Let c be r(8). Suppose -5*j + 0*h + 115 = 4*h, 0 = 3*j + 5*h - c. Calculate the highest common divisor of j and 152.
19
Let t = -31 - -27. Let b = t - -5. Let l(j) = -j**3 + 5*j**2 + 2*j - 3. Let x be l(5). What is the highest common factor of x and b?
1
Suppose 2*a + 118 = g, -3*g - 2*a - 2*a + 364 = 0. Calculate the highest common divisor of g and 5.
5
Suppose 5*u + 4*s = -0*u + 51, 3*s = 12. Let v(b) = b**3 + 7*b**2 - 19*b + 5. Let z be v(-9). What is the highest common divisor of z and u?
7
Let g be 622 - (4 - 1 - 5). What is the greatest common factor of 39 and g?
39
Suppose 2*h + 300 = 4*j, 0 = 10*j - 13*j - 3*h + 243. What is the highest common divisor of 385 and j?
77
Let y = -4 + -3. Let q(p) = -13*p - 15. Let a(g) = g**2 - g. Let v(r) = -a(r) + q(r). Let c be v(y). What is the greatest common divisor of c and 180?
20
Let a be ((-26)/8 - 0)/((-44)/176). Calculate the greatest common divisor of 13 and a.
13
Let r = 15626 + -15615. Suppose -3*h + 0 = -12. Let p be (h/(-10))/((-1)/220). Calculate the greatest common factor of p and r.
11
Let j be 18 + -2 + (3 - 1). Let d = 279 + -91. Suppose -5*w - d = -y - 0*y, 3*w = -5*y + 996. What is the greatest common factor of y and j?
18
Let g = 589 + -581. Let h(f) = -5*f**3 - 3*f**2 + 5*f - 1. Let i be h(-4). Let c = i + -163. Calculate the greatest common divisor of g and c.
8
Suppose -2*v - 4 = 5*m - 0, 3*v - 5*m - 19 = 0. Let j(k) = -9*k. Let l be j(-3). Calculate the greatest common factor of v and l.
3
Suppose 2*t - 15 = -3*t. Suppose -t*v - 2*v - p = -46, -3*v + 25 = -2*p. What is the greatest common divisor of 36 and v?
9
Let k(m) = m - 3. Let s be k(4). Suppose 32*z + 28 - 92 = 0. Calculate the highest common divisor of s and z.
1
Suppose -1485 = 1225*o - 1240*o. Calculate the highest common divisor of 198 and o.
99
Let u be -2*-4*(-3)/24. Let y be (-352)/(-14) + u/7. What is the greatest common divisor of y and 150?
25
Let o = 3018 + -2974. What is the highest common factor of o and 242?
22
Let t = -17 + 37. Let x(o) = o**2 + 2*o + 2. Suppose -2 = 3*h + 2*p, -4*p + 25 = -3*h - 7. Let m be x(h). What is the greatest common factor of m and t?
10
Suppose 0 = -11*v + 7*v + 8. Suppose 112 = 14*w + v*w. Calculate the greatest common factor of 14 and w.
7
Let j = -357 + 199. Let s be 9/(-12) - -2*j/(-16). Calculate the greatest common factor of s and 76.
19
Suppose -210*i = -231*i + 525. What is the highest common factor of i and 2025?
25
Let a(q) = 2*q**2 - 6*q + 21. Let z be a(0). What is the greatest common divisor of 105 and z?
21
Let j(u) = 6*u**2 + 15*u - 15. Let f be j(1). Suppose 2*y - 3*y + 30 = 0. What is the greatest common divisor of f and y?
6
Let q(w) = 72*w + 84. Let f be q(18). Calculate the highest common factor of f and 15.
15
Suppose q = -3*g - 4*q + 16, 5*g = -2*q + 33. Let i be 113 - g/(28/12). What is the greatest common divisor of i and 10?
10
Let m be (1/(-2))/((-7)/28). Let x be m/6*(-28 - -16). Let p(w) = 3*w**2 + 2*w - 5. Let a be p(x). What is the greatest common divisor of 5 and a?
5
Let w = 1130 - 934. What is the greatest common factor of w and 308?
28
Let a be 6 - (-14 + 7 + -3) - -3. What is the greatest common divisor of 304 and a?
19
Let i = -27 - -43. Let m = -21 - -69. Calculate the highest common factor of i and m.
16
Let i = 34 + -29. Suppose 2*z - i*y = 0, 2*y = 5*z - y - 19. Suppose 4*b = 2*u - z*u + 582, 609 = 3*u - 5*b. Calculate the highest common factor of 18 and u.
18
Let l(u) = u**3 + 33*u**2 - 5*u - 18. Let m be l(-33). What is the greatest common divisor of 42 and m?
21
Let i = -1269 + 1300. Let m = 1 + 0. Let k be (-124)/(3/(-2) + m). What is the greatest common factor of i and k?
31
Suppose 25 = 2*y - l, 3*y - 2*y - 5 = -l. Suppose 0 = 5*p + y - 45. Calculate the highest common factor of 14 and p.
7
Let o be -2*(-5 - -3)*1. Let d be (5 - o) + 0 + 0. Suppose -c + 1 + d = 4*s, 5 = -5*s. Calculate the greatest common divisor of c and 24.
6
Let y = -5 - -4. Let t = 61 + y. Let w be (-15)/((-9)/(-3) - 4). Calculate the greatest common divisor of w and t.
15
Let v = 1454 + -439. Suppose 11*i - v = -124. What is the highest common divisor of i and 18?
9
Let j = -12 - -19. Let f = 15 - 6. Suppose f*b - j*b - 64 = 0. Calculate the highest common factor of b and 8.
8
Let x(c) = -c**2 - c - 126 + 4*c + 125. Let a be x(1). Calculate the highest common divisor of a and 3.
1
Suppose -4*i - 2*j + 3848 = 0, 27*